 when 836 is divided by 38.
0
What is the remainder when 604 is divided by 164?
112
Calculate the remainder when 211 is divided by 70.
1
Calculate the remainder when 519 is divided by 12.
3
Calculate the remainder when 42 is divided by 15.
12
Calculate the remainder when 117 is divided by 8.
5
What is the remainder when 1133 is divided by 71?
68
What is the remainder when 982 is divided by 85?
47
What is the remainder when 719 is divided by 98?
33
Calculate the remainder when 15382 is divided by 17.
14
Calculate the remainder when 419 is divided by 106.
101
Calculate the remainder when 195 is divided by 33.
30
Calculate the remainder when 267 is divided by 34.
29
What is the remainder when 130 is divided by 46?
38
Calculate the remainder when 698 is divided by 31.
16
Calculate the remainder when 24 is divided by 4.
0
What is the remainder when 756 is divided by 81?
27
What is the remainder when 1477 is divided by 294?
7
What is the remainder when 501 is divided by 88?
61
Calculate the remainder when 1132 is divided by 21.
19
What is the remainder when 52 is divided by 11?
8
What is the remainder when 1840 is divided by 6?
4
What is the remainder when 70 is divided by 8?
6
What is the remainder when 691 is divided by 263?
165
Calculate the remainder when 5158 is divided by 126.
118
What is the remainder when 65 is divided by 33?
32
What is the remainder when 70 is divided by 15?
10
Calculate the remainder when 1527 is divided by 478.
93
What is the remainder when 357 is divided by 6?
3
Calculate the remainder when 119 is divided by 72.
47
What is the remainder when 3529 is divided by 176?
9
Calculate the remainder when 944 is divided by 318.
308
Calculate the remainder when 273 is divided by 31.
25
What is the remainder when 738 is divided by 53?
49
What is the remainder when 11535 is divided by 83?
81
What is the remainder when 107 is divided by 90?
17
Calculate the remainder when 178 is divided by 60.
58
Calculate the remainder when 91 is divided by 32.
27
Calculate the remainder when 4511 is divided by 20.
11
What is the remainder when 407 is divided by 104?
95
Calculate the remainder when 1246 is divided by 234.
76
Calculate the remainder when 151 is divided by 32.
23
What is the remainder when 6684 is divided by 176?
172
Calculate the remainder when 425 is divided by 10.
5
Calculate the remainder when 185 is divided by 156.
29
What is the remainder when 5828 is divided by 81?
77
Calculate the remainder when 666 is divided by 23.
22
What is the remainder when 267 is divided by 34?
29
What is the remainder when 1274 is divided by 22?
20
Calculate the remainder when 3053 is divided by 58.
37
Calculate the remainder when 150 is divided by 18.
6
What is the remainder when 558 is divided by 47?
41
What is the remainder when 249 is divided by 145?
104
Calculate the remainder when 191 is divided by 97.
94
What is the remainder when 76 is divided by 40?
36
Calculate the remainder when 882 is divided by 108.
18
Calculate the remainder when 2348 is divided by 48.
44
What is the remainder when 93 is divided by 25?
18
What is the remainder when 297 is divided by 77?
66
What is the remainder when 2170 is divided by 1083?
4
What is the remainder when 321 is divided by 27?
24
Calculate the remainder when 337 is divided by 67.
2
What is the remainder when 3966 is divided by 27?
24
Calculate the remainder when 77 is divided by 21.
14
What is the remainder when 182 is divided by 97?
85
Calculate the remainder when 322 is divided by 65.
62
What is the remainder when 98 is divided by 30?
8
Calculate the remainder when 107 is divided by 36.
35
What is the remainder when 2416 is divided by 6?
4
What is the remainder when 90 is divided by 10?
0
Calculate the remainder when 384 is divided by 101.
81
Calculate the remainder when 331 is divided by 56.
51
What is the remainder when 142 is divided by 57?
28
Calculate the remainder when 1931 is divided by 321.
5
What is the remainder when 572 is divided by 52?
0
What is the remainder when 462 is divided by 58?
56
What is the remainder when 484 is divided by 213?
58
Calculate the remainder when 68 is divided by 35.
33
What is the remainder when 65 is divided by 14?
9
Calculate the remainder when 199 is divided by 183.
16
Calculate the remainder when 48 is divided by 13.
9
Calculate the remainder when 801 is divided by 427.
374
What is the remainder when 41 is divided by 22?
19
Calculate the remainder when 288 is divided by 21.
15
What is the remainder when 867 is divided by 28?
27
Calculate the remainder when 286 is divided by 96.
94
What is the remainder when 1661 is divided by 331?
6
What is the remainder when 119 is divided by 113?
6
Calculate the remainder when 769 is divided by 13.
2
What is the remainder when 154 is divided by 12?
10
What is the remainder when 357 is divided by 6?
3
What is the remainder when 733 is divided by 41?
36
What is the remainder when 32 is divided by 12?
8
What is the remainder when 1009 is divided by 74?
47
Calculate the remainder when 30 is divided by 7.
2
What is the remainder when 187 is divided by 48?
43
Calculate the remainder when 30987 is divided by 127.
126
Calculate the remainder when 27 is divided by 7.
6
What is the remainder when 113 is divided by 13?
9
What is the remainder when 25 is divided by 17?
8
Calculate the remainder when 648 is divided by 220.
208
What is the remainder when 341 is divided by 9?
8
What is the remainder when 3362 is divided by 199?
178
Calculate the remainder when 1147 is divided by 48.
43
What is the remainder when 434 is divided by 139?
17
Calculate the remainder when 1417 is divided by 71.
68
Calculate the remainder when 85 is divided by 18.
13
What is the remainder when 365 is divided by 163?
39
Calculate the remainder when 573 is divided by 327.
246
What is the remainder when 88 is divided by 46?
42
Calculate the remainder when 287 is divided by 262.
25
What is the remainder when 811 is divided by 74?
71
Calculate the remainder when 1610 is divided by 40.
10
What is the remainder when 436 is divided by 215?
6
Calculate the remainder when 118 is divided by 3.
1
What is the remainder when 203 is divided by 22?
5
What is the remainder when 5444 is divided by 121?
120
Calculate the remainder when 1946 is divided by 78.
74
Calculate the remainder when 69 is divided by 27.
15
What is the remainder when 150 is divided by 29?
5
Calculate the remainder when 441 is divided by 6.
3
What is the remainder when 197 is divided by 50?
47
Calculate the remainder when 100 is divided by 5.
0
What is the remainder when 645 is divided by 27?
24
Calculate the remainder when 2195 is divided by 71.
65
Calculate the remainder when 511 is divided by 19.
17
What is the remainder when 309 is divided by 39?
36
Calculate the remainder when 197 is divided by 99.
98
What is the remainder when 3220 is divided by 31?
27
Calculate the remainder when 252 is divided by 51.
48
What is the remainder when 429 is divided by 254?
175
What is the remainder when 711 is divided by 90?
81
What is the remainder when 2219 is divided by 19?
15
What is the remainder when 823 is divided by 130?
43
What is the remainder when 295 is divided by 74?
73
Calculate the remainder when 28 is divided by 26.
2
Calculate the remainder when 1300 is divided by 7.
5
What is the remainder when 25 is divided by 7?
4
Calculate the remainder when 269 is divided by 31.
21
Calculate the remainder when 3482 is divided by 867.
14
What is the remainder when 62 is divided by 8?
6
What is the remainder when 1642 is divided by 53?
52
What is the remainder when 589 is divided by 8?
5
What is the remainder when 5464 is divided by 7?
4
What is the remainder when 355 is divided by 33?
25
What is the remainder when 137 is divided by 12?
5
Calculate the remainder when 308 is divided by 106.
96
Calculate the remainder when 2482 is divided by 23.
21
What is the remainder when 179 is divided by 24?
11
What is the remainder when 432 is divided by 62?
60
Calculate the remainder when 3582 is divided by 15.
12
Calculate the remainder when 869 is divided by 858.
11
What is the remainder when 43 is divided by 8?
3
Calculate the remainder when 138 is divided by 53.
32
What is the remainder when 903 is divided by 35?
28
What is the r